
2
Let j(g) be the third derivative of -5*g**4/8 - g**3/3 - 5*g**2. What is the tens digit of j(-3)?
4
What is the units digit of 1/(1/40) + 2?
2
Suppose 0 = -5*t + 6*t. Suppose -3*p + 20 + 19 = t. What is the tens digit of p/2*(-4)/(-2)?
1
Suppose o + 3 = -2*o. Let c be o/((-3)/(-6)) - 4. What is the units digit of (-38)/(-6) - 4/c?
7
Let g(p) = 0 + 2*p - 4 - 2. What is the units digit of g(5)?
4
Let g = 14 + -7. What is the units digit of 51/g - 2/7?
7
Let d be -28*((-18)/21)/1. Suppose 0*u + d = 3*u. What is the units digit of u?
8
Let k(s) = -41*s - 3. What is the tens digit of k(-3)?
2
Suppose 0 = -3*l + 3 + 3. Suppose -36 = l*j - 6*j. What is the units digit of j?
9
Let r be ((-10)/(-20))/(1/14). Suppose 10*q = r*q + 66. What is the units digit of q?
2
Suppose -j = 3*u + 38, -j + 2*j = 3*u + 28. What is the units digit of 10/55 + (-229)/u?
1
Let u = 5 - 11. Let c = u + 18. What is the units digit of c?
2
Let z = 64 + -32. Suppose 32 + z = 4*q. What is the units digit of q?
6
Let n(c) = -2*c. Suppose -3*i + 37 = 2*i - 4*s, 2*i + 3*s = 1. Suppose -3*w + 2*w - 5*f = 0, -3*w = i*f + 10. What is the tens digit of n(w)?
1
Suppose m - 25 = -0*m + 3*h, 5*m + h = 189. What is the tens digit of m?
3
Let s(l) = l - 1. Let k be s(-4). Let o = -4 - k. What is the units digit of o?
1
Let c = 0 - -2. Let u = c + 5. What is the units digit of u?
7
Let y be (-4)/5*(-20)/8. What is the units digit of (7/2 - 1)*y?
5
Let m(r) = r**3 - r**2 + 4. Let g be m(0). Suppose -z = 3*f - 32 - 9, g*z + 44 = 4*f. What is the tens digit of f?
1
Suppose 0*g = -4*g + 20. Let q = g - 3. What is the units digit of q?
2
Suppose s + 3*s - 3*b - 3 = 0, -s = -b - 1. Suppose 2 - 44 = -3*w + 5*f, s = 3*f. Let l = w - 6. What is the units digit of l?
8
What is the units digit of 17*(-7)/(21/(-9))?
1
Suppose -2*b - 4*t + 18 = t, 0 = -t + 2. Suppose 0*z - b*z = -108. Suppose -4*f + z = -f. What is the units digit of f?
9
Let j(c) = c**3 + 6*c**2 - 8*c - 2. Let r be j(-7). Suppose 3*f + 4*k - 33 = 0, 4 = -f + r*k + 15. Suppose -u = 3 - f. What is the units digit of u?
8
Let a = 10 + -8. Let f(v) = v**3 - 2*v**2 + 2*v + 2. What is the units digit of f(a)?
6
Let s be (-2 - -1)*(-5 + 11). What is the units digit of 4/(-12) + (-320)/s?
3
Let s = 54 - 19. What is the tens digit of s?
3
What is the tens digit of (-64)/(-2)*(-4)/(-8)?
1
Let t = 7 + -12. Let w = t + 11. Suppose w*r - 40 = r. What is the units digit of r?
8
Let s = 10 - -4. What is the units digit of s?
4
What is the units digit of -52*(3 + 3 - 12)?
2
Suppose -u - 4*u = 0. Let b(i) = 2*i - 4. Let v be b(6). Suppose -h + c + 6 = 0, u = -3*h + c + v + 10. What is the units digit of h?
6
Let c(f) = -f**3 + 3*f**2 - 2*f - 4. Let n be c(3). Let z = n - -18. What is the units digit of z?
8
Let u be 8/6 + (-4)/(-6). Let l = -2 + u. What is the units digit of (-2)/4*(l + -38)?
9
Suppose 1 = -5*s + 6, -2*u + 278 = 4*s. What is the units digit of u?
7
What is the units digit of 405/(-10)*(-2)/3?
7
Let w(z) = -13*z**3 - z. Let v(d) = d**3 + 5*d**2 + 5*d + 3. Let m be v(-4). What is the units digit of w(m)?
4
Let j(n) = -3*n + 2. Let s be j(-2). Suppose -5*v - s = -138. What is the tens digit of v?
2
Let c(y) = -19*y**2 + 7 - 3 + 20*y**2 + 7. Let s be 0*(1 - (2 + 0)). What is the tens digit of c(s)?
1
Suppose 2*r = r - 11. Let a = r + 20. What is the units digit of a?
9
Let q be 6 - (2 + -2 + 2). Suppose -3*i + 6*p - 4 = p, -p - 6 = -q*i. Suppose i*f - 27 = -7. What is the tens digit of f?
1
Let x = 40 - 14. What is the tens digit of -2*(x/(-4) + 0)?
1
Let f(t) = 57*t + 13. What is the units digit of f(2)?
7
Suppose f = 3 - 1. Suppose -35 = -f*s - 3*s. What is the units digit of s?
7
Let q be ((-9)/(-4))/((-12)/32). Let x be (78 - -1) + (-5 - q). Suppose -8*k + x = -3*k. What is the units digit of k?
6
Let w(p) = 2*p**3 - 4*p**3 - 2*p**2 - 1 + p**3 - 2*p. Let v be w(-2). Suppose -5*m - 40 = -5*t, -m = -v*m - 6. What is the units digit of t?
5
Let m(s) be the first derivative of 1/2*s**2 - s - 2. What is the units digit of m(7)?
6
Let t(s) = s**3 + 15*s**2 + 12*s + 15. What is the tens digit of t(-14)?
4
Suppose q - 5*m - 2 = 5, 2*q - m - 41 = 0. What is the units digit of q?
2
Let q = 166 - 111. What is the tens digit of q?
5
Let d = 9 - 5. Let h = d - 3. What is the units digit of h + (0 - (-1 - 7))?
9
Let r = 141 - 67. What is the units digit of r?
4
Suppose 4*a = 9*a - 225. What is the tens digit of a?
4
Suppose -2*p - 5*p + 546 = 0. What is the tens digit of p?
7
Let g = -47 + 85. What is the tens digit of g?
3
Let c be (0 + 1/(-2))*-10. Suppose -4*b = 2*a - 90, 3*b - c*a - 77 + 29 = 0. What is the tens digit of b?
2
Let v(w) = w - 4. Let m be ((-10)/25)/((-2)/20). Let b be v(m). Suppose 3*l - 9 = -b*l. What is the units digit of l?
3
Suppose g + 5*y = 2, y = -5*g + 10 + 24. Suppose 2*q = g*i - 3*i + 10, -4*q = 2*i. Suppose z = 2 - q. What is the units digit of z?
1
Let f = -37 + -4. Let a = 77 + f. What is the units digit of a?
6
Suppose -3*a = -4*u - 230, 2*u + 3*u = a - 95. What is the units digit of a?
0
Let i = -24 - -16. Let f(r) = -7*r - 17. What is the tens digit of f(i)?
3
Let o(c) = -6*c - 1. Let h be o(-6). Let r = h + -11. What is the tens digit of r?
2
Suppose -8*o + 4*o + 224 = 0. What is the units digit of o?
6
Suppose 0 = -4*h - h + 10. Let v(x) = x**3 - 2*x**2 + x + 1. What is the units digit of v(h)?
3
Let q(t) = -18*t. Suppose 2*a = 13 + 1. Suppose 5 = 2*d - a*d. What is the units digit of q(d)?
8
Let r = 10 - 7. What is the units digit of (-9)/r + 10 + 2?
9
What is the tens digit of ((-17)/2 - 1)*(-1 - 13)?
3
Let q(a) = a - 8. Let j be q(6). What is the tens digit of 2/2*j*-5?
1
Suppose 3*m - 188 = -5*v, -5*v + 186 = 6*m - 5*m. Let a = -22 + v. What is the tens digit of a?
1
Let f(z) = -z + 1. Suppose -4*a = -3*m + 11, -3*m + m - 3*a = 21. Let b be f(m). Suppose -b*h = -14 + 6. What is the units digit of h?
2
Let j be ((-21)/(-14))/(1/2). Suppose -5*h - j*g + 18 = 0, -4*g + 2 = -h + g. Suppose 0 = -h*w + 28 + 8. What is the tens digit of w?
1
Let x(k) be the second derivative of -k**3/3 - k**2/2 + 2*k. Let c = 7 + -10. What is the units digit of x(c)?
5
Suppose 4*l = -p + 10, 3*p + 2*l = -0*p + 20. Let b(g) = 7*g - 13. What is the tens digit of b(p)?
2
Let a(f) = f**2 + 36. Let q be a(0). Suppose -4*x + 0*x + q = 0. What is the units digit of x?
9
Suppose 4*u - z + 5484 = 2*u, 4*u = -z - 10974. What is the tens digit of 2/(-10) - u/65?
4
Let f(y) = -y**2. Let r be f(1). Let a(k) = 4*k**2 - 2*k - 1. Let m be a(r). What is the units digit of (-1 - (-14)/10)*m?
2
Suppose 0 = -4*y + 2*a + 456, -5*y - 3*a + 2*a + 584 = 0. What is the tens digit of y?
1
Suppose i - 35 + 5 = b, 130 = -5*b - 5*i. Let v be 4/14 - 440/b. Let f = 25 - v. What is the units digit of f?
9
Suppose -2*m + 155 + 81 = 0. What is the tens digit of m?
1
Let q be (-2)/(3 + -2 - 0). Suppose 0 = 2*o - 5*t + 16, 0 = -2*o - t + 2*t - 16. What is the units digit of (-124)/(-16) + q/o?
8
Suppose -4*d = 3*i + 12, -4*i = 2*d - 8*i - 16. Suppose d*a = 5*a - 45. What is the units digit of a?
9
Let q(j) be the first derivative of -j**3/3 + 7*j**2/2 + 3*j - 2. What is the units digit of q(5)?
3
Suppose 3*m - 4*q - 110 = -27, 0 = 3*m + 5*q - 65. Suppose -4*b - b + m = 0. What is the units digit of b?
5
Suppose 5 - 41 = -a. What is the tens digit of a?
3
Suppose 0 = -5*a - 0*a + 65. What is the units digit of a?
3
Let t = 6 + -2. Let h = 7 - t. Suppose -h*j + 1 + 5 = 0. What is the units digit of j?
2
Let h(l) = l**3 + 7*l**2 + 8. Let y = 16 + -23. What is the units digit of h(y)?
8
What is the units digit of ((-25)/(-10))/((-3)/(-36))?
0
Suppose t - 5*s = 5, s - 3*s + 49 = 3*t. What is the tens digit of t?
1
Let s be 2/(-9) + 670/18. Suppose -3*f + 171 = 5*z, 0 = -2*z + f + 38 + s. Suppose 4*h - z = h. What is the tens digit of h?
1
Let f(v) = v**2 - 4*v - 16. What is the units digit of f(8)?
6
What is the tens digit of (-1)/((-6)/(-58))*-3?
2
Suppose 0 = -4*y - 69 + 21. What is the units digit of (-232)/y - (-4)/6?
0
Let a(g) = g**2 + 4*g + 5. Let k be a(-10). Let o = -34 + k. What is the units digit of o?
1
Suppose -2*l + 145 = -49. Suppose 3*x + y = l, -x + 22 = 5*y - 15. What is the units digit of x?
2
Suppose -2*l + 217 + 61 = 0. Suppose 5*c + l = 4*k, -